6691 composite?
False
Is 3532452691 prime?
True
Is 58697978761 a composite number?
False
Is 7419061997 composite?
True
Is 795109589 prime?
True
Is 682582091 composite?
False
Is 16939594459 a prime number?
False
Is 65703539833 a composite number?
False
Is 4229342171 a prime number?
True
Is 1557557669 prime?
True
Is 368526121 a composite number?
True
Is 2007344993 a prime number?
True
Is 20327230961 composite?
True
Is 40866224219 composite?
False
Is 736803227 a composite number?
False
Is 12788590817 a composite number?
False
Is 5471144989 a prime number?
False
Is 3787181569 a composite number?
False
Is 3420313733 a composite number?
False
Is 46575695791 prime?
False
Is 456650081 a prime number?
False
Is 1947408035 prime?
False
Is 31803093757 a prime number?
False
Is 16991614051 prime?
False
Is 5146270343 composite?
False
Is 2715497497 composite?
False
Is 369726528895 composite?
True
Is 11931705079 composite?
True
Is 51507304781 composite?
True
Is 102550197521 a composite number?
True
Is 100557643 prime?
True
Is 20842797877 prime?
False
Is 4968974909 prime?
True
Is 1338259477 prime?
True
Is 59333988149 a prime number?
False
Is 1332638521 a prime number?
True
Is 160539961 prime?
True
Is 104637893 prime?
False
Is 8905465001 composite?
False
Is 33692585573 a composite number?
True
Is 97802748629 a prime number?
True
Is 866544997 a composite number?
True
Is 1818219899 a composite number?
False
Is 6199954303 a composite number?
True
Is 2239987543 composite?
True
Is 59673780571 a composite number?
False
Is 274121008306 composite?
True
Is 53278652129 composite?
True
Is 24000240367 composite?
False
Is 5687127197 composite?
False
Is 631663085 composite?
True
Is 1667873843 prime?
True
Is 92383453259 prime?
True
Is 11181585011 a composite number?
False
Is 1960350419 a prime number?
False
Is 2711974669 a composite number?
False
Is 331651721 a composite number?
True
Is 364108083071 a composite number?
False
Is 1844234627 a prime number?
True
Is 893123551 a composite number?
False
Is 8474937299 prime?
True
Is 3995730199 composite?
False
Is 1256714183 prime?
True
Is 7013626861 prime?
True
Is 17001478097 a prime number?
True
Is 3285341743 a composite number?
True
Is 4051109033 a composite number?
True
Is 187029541078 prime?
False
Is 478831667 a composite number?
False
Is 120860168081 a composite number?
False
Is 1809919847 a prime number?
True
Is 25319853617 a composite number?
False
Is 23665901297 composite?
True
Is 89056453 composite?
False
Is 526342799 composite?
False
Is 958585811 composite?
True
Is 3999568619 prime?
True
Is 1119021565 composite?
True
Is 3657421333 a composite number?
True
Is 5000605033 composite?
True
Is 1816866967 composite?
False
Is 12376119523 a prime number?
False
Is 2123808091 prime?
False
Is 7493666641 a prime number?
False
Is 4527768781 a composite number?
False
Is 60555859217 a composite number?
True
Is 104936431 composite?
False
Is 39893695373 a composite number?
True
Is 11892658213 a composite number?
False
Is 497378471 a composite number?
False
Is 4958390287 a composite number?
True
Is 23885233 a composite number?
True
Is 498140963 a prime number?
False
Is 185056661 prime?
True
Is 3814318621 a composite number?
False
Is 1303581509 composite?
False
Is 3561893879 a prime number?
True
Is 37869950759 a composite number?
True
Is 111944453 prime?
True
Is 101271953 a composite number?
True
Is 31298893 a prime number?
False
Is 2110389689 composite?
False
Is 1904112191 a prime number?
False
Is 967194253 a composite number?
False
Is 51090607 a prime number?
True
Is 53906963327 a composite number?
True
Is 440494761337 prime?
True
Is 1075162313 composite?
False
Is 8205838091 a prime number?
False
Is 322032437 a prime number?
True
Is 19525394611 a composite number?
True
Is 4380009415 composite?
True
Is 418024307 a prime number?
False
Is 10582700369 prime?
False
Is 1360692283 prime?
True
Is 453101609 a composite number?
False
Is 163568143 a composite number?
False
Is 146740637 composite?
False
Is 514620703 a prime number?
True
Is 7681558471 a composite number?
False
Is 130636439 composite?
True
Is 2117242969 a prime number?
True
Is 81021573917 a prime number?
True
Is 38306432973 a composite number?
True
Is 10564617643 prime?
True
Is 6015306497 prime?
False
Is 7603349389 prime?
False
Is 576226223 a composite number?
False
Is 1191801883 a composite number?
False
Is 22201253153 composite?
True
Is 2731204661 prime?
True
Is 1276220249 a composite number?
True
Is 105957972331 a composite number?
False
Is 114454630943 composite?
True
Is 2980602421 prime?
True
Is 10338594899 a composite number?
False
Is 803198639 composite?
True
Is 3890320081 composite?
False
Is 528985673 composite?
False
Is 13083230859 a prime number?
False
Is 950503751 a prime number?
False
Is 12801592759 a prime number?
False
Is 96308370439 composite?
True
Is 3173336797 a prime number?
True
Is 1707262514 composite?
True
Is 3663237739 prime?
False
Is 973317871 prime?
True
Is 1302591713 composite?
True
Is 3215934901 a prime number?
False
Is 35951456351 composite?
False
Is 23565559343 a composite number?
True
Is 2078429329 a composite number?
True
Is 120804289 composite?
True
Is 5330810213 a prime number?
False
Is 1132033267 a prime number?
False
Is 3106663838 a composite number?
True
Is 113067813329 a prime number?
False
Is 8384281973 composite?
False
Is 3665880269 prime?
False
Is 9497377121 composite?
True
Is 28665941453 a composite number?
False
Is 146412587 prime?
True
Is 23451974629 a composite number?
True
Is 590735939 prime?
True
Is 9658318742 a prime number?
False
Is 805860533 composite?
False
Is 513497027 a composite number?
False
Is 140789978717 a prime number?
True
Is 15674610293 prime?
True
Is 1690937557 a composite number?
True
Is 500887601 composite?
True
Is 440026723 composite?
True
Is 66914700101 a prime number?
False
Is 15093596351 prime?
False
Is 762499957 composite?
True
Is 6371699201 a prime number?
False
Is 92460450781 prime?
True
Is 72185963 a composite number?
True
Is 1454515861 composite?
False
Is 2414161583 a composite number?
False
Is 12017775317 a prime number?
False
Is 68469504277 a composite number?
False
Is 864137297 a prime number?
True
Is 785243131 prime?
True
Is 1033442689 prime?
False
Is 4181822987 composite?
False
Is 1019454727 composite?
False
Is 3086548599 composite?
True
Is 50697692869 a prime number?
False
Is 5382290479 prime?
False
Is 14955862435 a prime number?
False
Is 499932757 composite?
False
Is 34275447491 a composite number?
False
Is 504251054 a prime number?
False
Is 611494883 composite?
False
Is 14303671793 a prime number?
False
Is 3747326237 prime?
True
Is 214465763 composite?
True
Is 26044497461 a composite number?
True
Is 5322007 composite?
False
Is 452331889 a composite number?
False
Is 9596549699 prime?
False
Is 205989468535 composite?
True
Is 274376563 a composite number?
False
Is 2802461261 prime?
False
Is 4884257309 a prime number?
False
Is 4974823351 a composite number?
False
Is 1399376779 a composite number?
False
Is 246023041 prime?
False
Is 1567205089 a prime number?
True
Is 11108930293 composite?
True
Is 8971289729 composite?
False
Is 19805869801 prime?
False
Is 13974516061 a prime number?
False
Is 141579037 a prime number?
True
Is 3880428547 prime?
True
Is 65856959 composite?
True
Is 10550910353 composite?
False
Is 9795836069 composite?
True
Is 1513842357 a prime number?
False
Is 677195273 prime?
True
Is 3416396817 composite?
True
Is 41535957121 a composite number?
True
Is 582847159 a prime number?
False
Is 7605792791 prime?
True
Is 1586073563 a composite number?
False
Is 840354799 a prime number?
True
Is 40774892061 a prime number?
False
Is 451847171 composite?
False
Is 3026170921 a prime number?
True
Is 7195946309 a composite number?
False
Is 11048844067 prime?
False
Is 1342697501 a composite number?
False
Is 30065022721 composite?
True
Is 616479473 prime?
False
Is 3468196747 a prime number?
True
Is 108517365977 composite?
False
Is 806141537 a prime number?
True
Is 187539906557 a prime number?
True
Is 24443272421 composite?
False
Is 1166966467 a prime number?
False
Is 64540662587 prime?
False
Is 2527344047 a prime number?
True
Is 2277565811 a prime number?
True
Is 11472263557 a composite number?
False
Is 1723326131 